8).
2, 7
Let s = 6 - 1. Suppose 2*p - 3*b = 8, b = -s*p + 5 - 2. List the prime factors of (46/2)/p*1.
23
Suppose 4*x + 502 = -3*m, -248 = 2*x + 5*m - 2*m. Let y = 223 + x. List the prime factors of y.
2, 3
Suppose 15*d - 17*d = -4*w - 2616, -3*d - 4*w = -3874. What are the prime factors of d?
2, 11, 59
Let m = 533 + -175. List the prime factors of m.
2, 179
List the prime factors of (314 - 1)/((-84)/(-252)).
3, 313
Suppose -7*s = -2*s - 2*y - 648, -394 = -3*s - 4*y. List the prime factors of s.
2, 5, 13
Suppose 26*h - 15619 = 26995. List the prime factors of h.
11, 149
Let m(i) = -i**2 - 6*i - 4. Let b be m(-5). Let p(o) = -14*o - 9*o - b + 25*o - 6*o**3. List the prime factors of p(-2).
43
Suppose -x = 2*f, -5*x - 2*f = 2*f + 18. Let u(m) = -16*m + 6. What are the prime factors of u(x)?
2, 3, 17
Suppose 3*t - 31 = 2*s, t + 18 = -5*s - 0*s. List the prime factors of (333 + (t - 3))/1.
337
Let t = -1019 + 3468. What are the prime factors of t?
31, 79
Let m be (4/12)/((-4)/36). List the prime factors of (-30)/m*(0 - -5) - -2.
2, 13
Suppose 19*u = 11442 + 3587. What are the prime factors of u?
7, 113
Let g = 41 - 31. Suppose 5*w - g = 0, 4 = 2*x - 10*w + 5*w. What are the prime factors of x?
7
Let d(f) = -f**3 - 4*f**2 + 11*f + 10. Let p be d(-7). Let i = p - -4. Suppose 4*c - i = -0*c. List the prime factors of c.
3, 7
What are the prime factors of (0 + 91)/((-24)/(-72))?
3, 7, 13
Let z(c) = -c**2. Let n(r) = -3*r**2 + 23*r + 13. Let b(v) = -n(v) + 4*z(v). What are the prime factors of b(-8)?
107
Let h(l) = 2*l**2 + 2*l - 2. Let f be h(1). Suppose 3*y = i + 116, -3*i - 83 = -f*y - 1. List the prime factors of y.
2, 19
Let x(w) = w**2 - 4*w - 4. Let q be x(4). Let p = q - 1. List the prime factors of (-26)/p*(-15)/(-6).
13
Let t(q) = 112*q - 44. Let i(k) = -28*k + 11. Let m(f) = -9*i(f) - 2*t(f). List the prime factors of m(2).
3, 5
Let n(o) = o**3 - 4*o**2 + 9*o - 14. Let i be n(7). Suppose k + c = -2*c + 28, -c + i = 5*k. List the prime factors of k.
2, 5
Let l = 5 + 2. Suppose -2*z = -1 - l. Suppose -10 = -2*h, -z*h + h = 2*a - 61. List the prime factors of a.
23
Let t(s) = -2*s**3 - 4*s**2 - 5*s + 2. List the prime factors of t(-2).
2, 3
Suppose 9*w - 621 = 729. Suppose 3*k - w = 3*m + 135, 4*k - 5*m - 383 = 0. List the prime factors of k.
2, 23
Let f = 5 + -3. Suppose d + 12 = 4*x + f*d, x = 5*d + 3. Suppose x*c - 4*l = 132, l + 43 = 3*c - 2*c. List the prime factors of c.
2, 5
Let l = 7 - 5. Suppose l*f = 3*v - 13, -4*v + 5*v - 5 = f. Suppose -5*b + z + 88 = 0, -v*z - 2*z = 15. What are the prime factors of b?
17
Suppose 0 = -2*b - 2, 5*g - 2228 = -b - 489. What are the prime factors of g?
2, 3, 29
Suppose n = -2*s + 8 + 10, -5*n - 14 = -3*s. Let p = s + -6. Let j(b) = 15*b - 2. List the prime factors of j(p).
2, 7
Let h = 434 + -29. List the prime factors of h.
3, 5
Suppose -2813 + 549 = -2*j. List the prime factors of j.
2, 283
Let x(g) = -g + 3. Let d be x(0). Suppose -4*o - v = -7, 5*v = -d*o + 6*v + 7. Suppose o*j - 64 = -3*c, c + 138 = 4*j + 2*c. List the prime factors of j.
5, 7
Let q be 2/11 - (-2296)/77. Let f be -2 + (q + -1 - 2). Suppose f = 3*j + 2*j. What are the prime factors of j?
5
Let c(h) be the second derivative of -1/12*h**4 + 4*h - 2*h**3 - 6*h**2 + 0. What are the prime factors of c(-9)?
3, 5
Suppose -403 = -4*p + 317. Let z = p + -87. Let r = z - 55. List the prime factors of r.
2, 19
Let a(f) = 4*f + 30. Let m(k) = -k + 1. Let r(c) = 3*c - 26. Let s(d) = -6*m(d) - r(d). Let i(u) = -5*a(u) + 7*s(u). What are the prime factors of i(15)?
5
Let z(d) = 18*d**2 + 23*d + 123. What are the prime factors of z(-7)?
2, 211
Let m be 1158/42 + 2 + (-33)/21. Let d = m - 11. List the prime factors of d.
17
Let f(w) = w + 7. Suppose -z - 38 = 5*a, 26 = -a - 4*a + 3*z. Let n be f(a). Suppose 4*b - 5*t - 108 = n, -3*b = 2*b - 2*t - 135. List the prime factors of b.
3
Let v be (-4)/(-2) + 4 + -1. Suppose 0*t + 4*y = -t + 79, 0 = -v*t - y + 319. What are the prime factors of (108/t)/((-2)/(-21))?
2, 3
Let c = -6 + 7. Let n be c - (-2 + (-2 - -1)). Let h = n + 18. What are the prime factors of h?
2, 11
Let a = 13 + -8. Suppose 0*k + 15 = a*k. Suppose -4*f - u = -135, -k*f + 0 = -5*u - 107. What are the prime factors of f?
2, 17
Let x = 111 - 195. Let t = -69 - x. What are the prime factors of t?
3, 5
Let t = 280 + 279. What are the prime factors of t?
13, 43
Suppose -3*w + 2323 = -4*b, -2*w = 18*b - 13*b - 1587. List the prime factors of w.
11, 71
Let y be 7*(1 + 26/(-14)). Let t be (-5)/(1/y*1). Suppose -t = 2*l - 3*l. List the prime factors of l.
2, 3, 5
Suppose 14 = -4*v - 2. Let p be (-13)/3 + v/(-12). What are the prime factors of 2*p/(-8) - -28?
29
Let w = -16 + 48. Suppose -8*u = w - 304. What are the prime factors of u?
2, 17
What are the prime factors of 8 + -5 - (2 + -1007)?
2, 3, 7
Let x = -4934 - -9245. What are the prime factors of x?
3, 479
Suppose 2*n - 20 = -3*n. Suppose -5*f + 45 = 2*g, n*f = -g - 0*g + 33. Suppose f*s = 8*s - 28. List the prime factors of s.
2, 7
Suppose l - 4 = 1, 10570 = 5*m + 2*l. What are the prime factors of m?
2, 3, 11
Suppose -h = h + 52. Let s be 200/52 + (-4)/h. Suppose s*j = 82 + 18. What are the prime factors of j?
5
Suppose 12*u - 380 = 9*u + y, 4*u + y = 495. Let f = -40 + u. What are the prime factors of f?
5, 17
Let l = 134 + 31. What are the prime factors of l?
3, 5, 11
Let m = -513 - -1195. List the prime factors of m.
2, 11, 31
Let d = 72 + -46. What are the prime factors of d/2 - (-17 + 18)?
2, 3
Let g be ((-11)/3 + 4)*42. Suppose g = 3*i - 271. What are the prime factors of i?
5, 19
Suppose 3*a - 1806 = -4*k, -4*a - 291 = -5*k + 1951. List the prime factors of k.
2, 3, 5
Let o(z) = z**3 - 3*z**2 - 2*z. Let h be o(5). Let q(t) = t**3 + 8*t**2 + 2*t + 8. Let d be q(-6). Let r = d - h. List the prime factors of r.
2, 7
Let o(d) = -d**3 - 5*d**2 + 12*d - 3. Let n be o(-6). Let l be n/4*(-176)/33. Suppose 7*h - l = 3*h. What are the prime factors of h?
13
What are the prime factors of 202*(-3 + 7 + 0)?
2, 101
Suppose -3*z + 3472 = -998. What are the prime factors of 0 + 1/5 + z/50?
2, 3, 5
Suppose 0 = -4*n - 8*n + 3180. List the prime factors of n.
5, 53
Let h = 907 + -409. What are the prime factors of h?
2, 3, 83
Suppose -5*q + r = -5673, -2*q = 5*r - 1392 - 861. List the prime factors of q.
2, 3, 7
Suppose -c = 4*c. Suppose h - 4*t + 25 = c, -15 = 3*h - 3*t + 15. What are the prime factors of 3/h - 759/(-15)?
2, 5
Let h be (-3)/9 - 36/(-27). What are the prime factors of (-786)/4*(h/3 + -1)?
131
Suppose 7*c + 8 = 106. Let t(o) = 22*o - 65. What are the prime factors of t(c)?
3
Let n be (-52)/(-6) + (-4)/(-12). Let y = n + -2. What are the prime factors of y - ((-4)/(-2) - 0)?
5
Suppose -r - 14 = 1. Let c = 20 + r. Suppose z = -c*z + 366. List the prime factors of z.
61
Let o = 113 - -30. List the prime factors of o.
11, 13
Suppose 5 = -4*g - 15. Let d(y) = -2*y**3 - 6*y**2 + 4*y - 5. List the prime factors of d(g).
3, 5
Let y(z) = -260*z - 276. List the prime factors of y(-6).
2, 3, 107
Suppose 2*h = -2*h + 3*v - 31, 2*v = -5*h - 33. Let z(l) = 4*l**2 - 6*l + 29. List the prime factors of z(h).
3, 89
Let z(f) = -9*f**2 + 8*f - 17. Let q(n) = -5*n**2 + 4*n - 9. Let b(c) = 7*q(c) - 4*z(c). Let t be 18/5 - (-2)/5. List the prime factors of b(t).
5
Let s = 3098 - 1982. What are the prime factors of s?
2, 3, 31
Suppose -5*z - 2*f = -3*f - 455, -5*z + 460 = -2*f. Suppose 4*y - z = -y. What are the prime factors of y?
2, 3
Let g(f) = -f**3 + 5*f**2 - f - 1. Let z be g(4). Let n be (-1 + z)*40/50. Let x = 12 - n. List the prime factors of x.
2
Suppose 0*y + 5595 = 15*y. What are the prime factors of y?
373
Suppose b + 5*o = -2*b + 4, 2*b - o - 7 = 0. Suppose -b*u = -0 - 18. Suppose -2*l - 2*r = -52, 0 = -u*r + 3*r + 12. List the prime factors of l.
2, 11
Suppose 20 = 2*b - m + 3*m, -m = -5*b + 20. Let p(j) = -j - 2. Let h be p(0). List the prime factors of (-1 + b)*(7 + h).
2, 5
Let k(m) = -75*m**3 - m**2 - 2*m - 1. Let q be k(-1). List the prime factors of (0 - 5)*(-495)/q.
3, 11
Let u = 2 - 0. Suppose u = 3*s - 1. What are the prime factors of (s + 1)/((-4)/(-52))?
2, 13
Suppose 0 = 2*m + 44*c - 39*c - 142, -5*c = 4*m - 304. What are the prime factors of m?
3
Let z = 1 - 9. Let s(l) = 